e?
True
Is 361723 composite?
False
Is 6121 composite?
False
Is 9923 a prime number?
True
Is 860786 a composite number?
True
Is 13907 a composite number?
False
Is 5230145 a prime number?
False
Is 5471 a composite number?
False
Is 8707 a prime number?
True
Is 25523 prime?
True
Is 8803 composite?
False
Is 85121 prime?
True
Is 22141 a prime number?
False
Is 934043 a composite number?
True
Is 55313 a composite number?
False
Is 140297 a composite number?
False
Is 1731 composite?
True
Is 5779 composite?
False
Is 6319 a composite number?
True
Is 14891 a prime number?
True
Is 4039247 a prime number?
True
Is 2004517 prime?
False
Is 289967 a composite number?
False
Is 1099 composite?
True
Is 637993 prime?
False
Is 200227 a prime number?
True
Is 2991 a prime number?
False
Is 260411 a composite number?
False
Is 65003 a prime number?
True
Is 7117 prime?
False
Is 5261 composite?
False
Is 2372303 a prime number?
True
Is 5572501 prime?
False
Is 251597 a composite number?
True
Is 48647 a prime number?
True
Is 112641 a composite number?
True
Is 1125823 prime?
True
Is 906371 prime?
True
Is 345307 a composite number?
False
Is 12751 a composite number?
True
Is 1014749 prime?
True
Is 450277 composite?
False
Is 141711 a prime number?
False
Is 3242 a prime number?
False
Is 19031 prime?
True
Is 266573 a prime number?
False
Is 100907 a composite number?
False
Is 20893 a prime number?
False
Is 102137 composite?
True
Is 4409 composite?
False
Is 778535 a composite number?
True
Is 3163 a prime number?
True
Is 42377 a composite number?
True
Is 20283 a prime number?
False
Is 92459 a composite number?
False
Is 35179 a prime number?
False
Is 2426107 prime?
True
Is 631 prime?
True
Is 39323 composite?
False
Is 14453 a prime number?
False
Is 15493 a composite number?
False
Is 2897 a prime number?
True
Is 6247 a composite number?
False
Is 974 a composite number?
True
Is 10331 a prime number?
True
Is 397703 a prime number?
False
Is 2447209 a prime number?
True
Is 79457 prime?
False
Is 6637 prime?
True
Is 228455 a composite number?
True
Is 629557 prime?
False
Is 3011 a composite number?
False
Is 3631 a composite number?
False
Is 50017 prime?
False
Is 443099 composite?
True
Is 205805 a prime number?
False
Is 445691 a prime number?
True
Is 16253 prime?
True
Is 4835 a composite number?
True
Is 2068057 a prime number?
False
Is 19347 a composite number?
True
Is 225399 prime?
False
Is 125591 composite?
False
Is 185053 a prime number?
False
Is 361271 prime?
True
Is 45923 prime?
False
Is 2777 a prime number?
True
Is 1151747 a prime number?
True
Is 850207 composite?
False
Is 70937 a composite number?
False
Is 196369 a prime number?
False
Is 2382761 composite?
False
Is 223763 a composite number?
True
Is 10577 composite?
True
Is 19235 composite?
True
Is 19603 composite?
False
Is 1639 a composite number?
True
Is 26921 composite?
False
Is 47251 composite?
False
Is 152015 prime?
False
Is 53551 a prime number?
True
Is 1657 composite?
False
Is 226805 a composite number?
True
Is 1478063 a prime number?
True
Is 59387 composite?
False
Is 410381 a composite number?
True
Is 52919 a prime number?
True
Is 11597 a composite number?
False
Is 511619 composite?
True
Is 381763 a composite number?
True
Is 512809 prime?
False
Is 7699 a composite number?
False
Is 226871 prime?
True
Is 2844647 a prime number?
False
Is 80903 a composite number?
True
Is 481 a prime number?
False
Is 11863 a composite number?
False
Is 41267 prime?
False
Is 10753 composite?
False
Is 409 prime?
True
Is 29947 composite?
False
Is 2899 a composite number?
True
Is 1135801 a composite number?
True
Is 37049 composite?
False
Is 12895 a composite number?
True
Is 4987 composite?
False
Is 939157 a composite number?
False
Is 676281 a prime number?
False
Is 22289 a composite number?
True
Is 1901 a prime number?
True
Is 2741 a composite number?
False
Is 7907 a prime number?
True
Is 50473 composite?
True
Is 28895 a prime number?
False
Is 212281 a prime number?
True
Is 8885 composite?
True
Is 44083 a prime number?
False
Is 260317 a prime number?
True
Is 44101 a composite number?
False
Is 165995 a composite number?
True
Is 824263 prime?
False
Is 117877 prime?
True
Is 1969 a composite number?
True
Is 10303 composite?
False
Is 5053 a prime number?
False
Is 594449 composite?
False
Is 12497 a prime number?
True
Is 11003 prime?
True
Is 1331699 a prime number?
True
Is 3377 a prime number?
False
Is 4111 prime?
True
Is 20707 a composite number?
False
Is 743 a composite number?
False
Is 1399 prime?
True
Is 12539 composite?
False
Is 44617 a prime number?
True
Is 1244183 composite?
False
Is 373889 a prime number?
False
Is 12451 composite?
False
Is 215491 composite?
True
Is 2767 composite?
False
Is 65167 a composite number?
False
Is 1601299 composite?
True
Is 11519 a prime number?
True
Is 55997 composite?
False
Is 26801 composite?
False
Is 227081 a prime number?
True
Is 5161 a prime number?
False
Is 1597 composite?
False
Is 1087 a prime number?
True
Is 2310797 a prime number?
True
Is 626833 composite?
False
Is 483209 prime?
True
Is 9019 a composite number?
True
Is 6607 prime?
True
Is 386053 a prime number?
False
Is 11829 prime?
False
Is 1801 a prime number?
True
Is 13649 composite?
False
Is 4489 composite?
True
Is 28319 a prime number?
True
Is 25139 a composite number?
True
Is 2333 a prime number?
True
Is 20222 a prime number?
False
Is 22433 composite?
False
Is 20593 a prime number?
True
Is 12071 a composite number?
False
Is 121129 a prime number?
False
Is 209995 a composite number?
True
Is 83035 a composite number?
True
Is 324419 a prime number?
True
Is 42587 composite?
True
Is 457871 prime?
True
Is 71339 prime?
True
Is 174927 a prime number?
False
Is 919129 composite?
False
Is 6007 a composite number?
False
Is 12071 composite?
False
Is 4049 prime?
True
Is 9553 a prime number?
False
Is 128387 a prime number?
False
Is 203713 composite?
False
Is 114877 a composite number?
True
Is 46133 prime?
True
Is 23105 a prime number?
False
Is 2349965 prime?
False
Is 31643 prime?
True
Is 7601 composite?
True
Is 36293 prime?
True
Is 3907 composite?
False
Is 493847 composite?
True
Is 7054 a composite number?
True
Is 12133 a prime number?
False
Is 30631 a prime number?
True
Is 4591 a prime number?
True
Is 180413 a prime number?
True
Is 98921 a prime number?
False
Is 1297057 prime?
True
Is 2705 a prime number?
False
Is 25087 composite?
False
Is 124079 prime?
False
Is 1201 composite?
False
Is 1893 prime?
False
Is 557 a prime number?
True
Is 65141 a prime number?
True
Is 15227 prime?
True
Is 7397 a composite number?
True
Is 4561 prime?
True
Is 202967 a prime number?
True
Is 44839 prime?
True
Is 33133 prime?
False
Is 1339 a prime number?
False
Is 1471 a prime number?
True
Is 785245 prime?
False
Is 1527931 composite?
False
Is 177911 a composite number?
True
Is 13285 a prime number?
False
Is 42061 prime?
True
Is 1788167 composite?
True
Is 23665 composite?
True
Is 773363 composite?
False
Is 648311 a composite number?
True
Is 26591 composite?
False
Is 1151 prime?
True
Is 8663 a composite number?
False
Is 12937 a composite number?
True
Is 11983 a composite number?
True
Is 20477 prime?
True
Is 16009 prime?
False
Is 647491 composite?
True
Is 6839 a composite number?
True
Is 92271 a prime number?
False
Is 1562543 a prime number?
True
Is 262681 composite?
False
Is 7027 prime?
True
Is 237047 prime?
False
Is 1369 a prime number?
False
Is 12941 a composite number?
False
Is 145633 prime?
True
Is 39359 prime?
True
Is 694747 composite?
False
Is 52619 prime?
False
Is 1460729 a prime number?
True
Is 158489 a prime number?
True
Is 43391 a composite number?
False
Is 556957 a composite number?
False
Is 378283 prime?
True
Is 41671 a prime number?
False
Is 452627 composite?
True
Is 213119 a prime number?
True
Is 67205 a prime number?
False
Is 179083 a prime number?
True
Is 58889 prime?
True
Is 485057 composite?
True
Is 61949 composite?
False
Is 209761 prime?
False
Is 673223 prime?
True
Is 471887 a prime number?
False
Is 112967 a composite number?
False
Is 6029 prime?
True
Is 4835 a composite number?
True
Is 1959 a prime number?
False
Is 8251 prime?
False
Is 24721 a prime number?
False
Is 43193 a prime number?
False
Is 4629 prime?
False
Is 1543 prime?
True
Is 1847 composite?
False
Is 5339 composite?
Tru